at is the ten thousands digit of 63120056?
2
What is the units digit of 226747928?
8
What is the thousands digit of 25769865?
9
What is the millions digit of 3602691797?
2
What is the ten millions digit of 353645031?
5
What is the units digit of 2455000791?
1
What is the hundred millions digit of 193534125?
1
What is the units digit of 28066020?
0
What is the thousands digit of 9161822?
1
What is the tens digit of 332166027?
2
What is the thousands digit of 5357570426?
0
What is the hundreds digit of 1265060548?
5
What is the millions digit of 136979650?
6
What is the hundred thousands digit of 1299037699?
0
What is the hundred thousands digit of 62868418?
8
What is the millions digit of 832594460?
2
What is the hundreds digit of 19884675?
6
What is the hundred millions digit of 149721036?
1
What is the ten millions digit of 3271379121?
7
What is the ten thousands digit of 49161541?
6
What is the tens digit of 3898151087?
8
What is the units digit of 479225855?
5
What is the thousands digit of 196230215?
0
What is the thousands digit of 14967376?
7
What is the ten thousands digit of 1030602165?
0
What is the hundreds digit of 438684092?
0
What is the ten millions digit of 1400030093?
0
What is the ten millions digit of 1679942370?
7
What is the ten thousands digit of 113423894?
2
What is the hundred millions digit of 2715483303?
7
What is the hundred thousands digit of 216585554?
5
What is the units digit of 115400661?
1
What is the ten thousands digit of 76967793?
6
What is the tens digit of 1702770?
7
What is the hundred thousands digit of 3048496915?
4
What is the tens digit of 123020157?
5
What is the billions digit of 5046846279?
5
What is the tens digit of 73421382?
8
What is the hundreds digit of 650175844?
8
What is the hundred thousands digit of 62336531?
3
What is the hundreds digit of 16702884?
8
What is the ten thousands digit of 291725995?
2
What is the millions digit of 839208650?
9
What is the thousands digit of 5303940385?
0
What is the hundreds digit of 5693580668?
6
What is the ten millions digit of 15622005?
1
What is the hundreds digit of 52275358?
3
What is the thousands digit of 232587809?
7
What is the ten millions digit of 46530916?
4
What is the units digit of 16982806?
6
What is the millions digit of 73774994?
3
What is the tens digit of 68023582?
8
What is the ten thousands digit of 116193905?
9
What is the units digit of 91296995?
5
What is the units digit of 494253642?
2
What is the ten millions digit of 5941039273?
4
What is the ten millions digit of 46799330?
4
What is the ten thousands digit of 133411856?
1
What is the hundreds digit of 1132414502?
5
What is the hundred millions digit of 507017799?
5
What is the tens digit of 900535118?
1
What is the ten thousands digit of 40971997?
7
What is the ten millions digit of 886839955?
8
What is the hundreds digit of 117563800?
8
What is the thousands digit of 4298022?
8
What is the hundred millions digit of 376656571?
3
What is the hundred thousands digit of 99000723?
0
What is the ten thousands digit of 312954819?
5
What is the ten thousands digit of 609632313?
3
What is the hundreds digit of 22910994?
9
What is the hundreds digit of 76198514?
5
What is the hundreds digit of 2480527228?
2
What is the units digit of 101261350?
0
What is the tens digit of 45343545?
4
What is the millions digit of 1521152806?
1
What is the ten thousands digit of 11670882?
7
What is the tens digit of 65437575?
7
What is the ten thousands digit of 292539967?
3
What is the ten millions digit of 1604421441?
0
What is the units digit of 2131103668?
8
What is the hundred thousands digit of 191567926?
5
What is the millions digit of 54788315?
4
What is the hundred thousands digit of 282811304?
8
What is the millions digit of 33078465?
3
What is the tens digit of 45990502?
0
What is the ten millions digit of 2594036248?
9
What is the units digit of 150810201?
1
What is the thousands digit of 435386309?
6
What is the units digit of 495132371?
1
What is the ten millions digit of 53660725?
5
What is the ten thousands digit of 282969879?
6
What is the hundred thousands digit of 5966736711?
7
What is the hundred millions digit of 8933723459?
9
What is the tens digit of 15927368?
6
What is the ten thousands digit of 561198658?
9
What is the millions digit of 175749428?
5
What is the thousands digit of 10603278?
3
What is the units digit of 1460716320?
0
What is the thousands digit of 1929284467?
4
What is the hundred thousands digit of 343177489?
1
What is the thousands digit of 525739991?
9
What is the hundreds digit of 1744150412?
4
What is the thousands digit of 117546091?
6
What is the units digit of 1321719775?
5
What is the hundreds digit of 58676524?
5
What is the units digit of 10516640?
0
What is the tens digit of 81406253?
5
What is the hundreds digit of 912694141?
1
What is the hundred millions digit of 149702992?
1
What is the ten thousands digit of 8462937074?
3
What is the ten thousands digit of 14046567?
4
What is the hundreds digit of 182029032?
0
What is the ten millions digit of 638084068?
3
What is the hundreds digit of 166947796?
7
What is the hundreds digit of 271829656?
6
What is the millions digit of 55064295?
5
What is the units digit of 62255186?
6
What is the thousands digit of 5295513612?
3
What is the ten thousands digit of 924110906?
1
What is the thousands digit of 94221654?
1
What is the thousands digit of 77414293?
4
What is the thousands digit of 79264963?
4
What is the billions digit of 1235109548?
1
What is the tens digit of 858863704?
0
What is the hundred thousands digit of 92567929?
5
What is the millions digit of 14699320?
4
What is the hundreds digit of 50067591?
5
What is the ten millions digit of 45069142?
4
What is the ten millions digit of 200057875?
0
What is the millions digit of 2507418134?
7
What is the millions digit of 2338039305?
8
What is the hundred thousands digit of 83971441?
9
What is the ten millions digit of 915211104?
1
What is the ten thousands digit of 17496801?
9
What is the ten thousands digit of 9455987?
5
What is the hundred millions digit of 1620287599?
6
What is the hundred thousands digit of 1236314?
2
What is the thousands digit of 122516048?
6
What is the hundreds digit of 169160219?
2
What is the tens digit of 62646641?
4
What is the hundreds digit of 660509902?
9
What is the units digit of 64190240?
0
What is the millions digit of 47403746?
7
What is the hundreds digit of 113045858?
8
What is the ten thousands digit of 939194779?
9
What is the units digit of 408048?
8
What is the ten thousands digit of 97970378?
7
What is the hundreds digit of 3797119?
1
What is the thousands digit of 8100101?
0
What is the units digit of 15607634?
4
What is the tens digit of 206305480?
8
What is the hundreds digit of 60701825?
8
What is the ten thousands digit of 117138862?
3
What is the units digit of 113897833?
3
What is the hundred thousands digit of 929336126?
3
What is the millions digit of 1916394917?
6
What is the ten millions digit of 388241163?
8
What is the ten millions digit of 66893123?
6
What is the ten millions digit of 1697750996?
9
What is the ten millions digit of 158327714?
5
What is the tens digit of 354187995?
9
What is the units digit of 3395121483?
3
What is the millions digit of 895104922?
5
What is the tens digit of 272808243?
4
What is the units digit of 677162629?
9
What is the ten millions digit of 293582686?
9
What is the units digit of 198619041?
1
What is the thousands digit of 5360517?
0
What is the thousands digit of 57633778?
3
What is the tens digit of 80430744?
4
What is the ten thousands digit of 169483643?
8
What is the units digit of 3985487816?
6
What is the hundred millions digit of 225359078?
2
What is the tens digit of 193878411?
1
What is the hundreds digit of 47663763?
7
What is the millions digit of 1469632606?
9
What is the ten thousands digit of 11389801?
8
What is the hundreds digit of 9165999?
9
What is the hundred thousands digit of 445581856?
5
What is the hundreds digit of 2696452134?
1
What is the tens digit of 36887772?
7
What is the ten millions digit of 129285053?
2
What is the billions digit of 2730114789?
2
What is the ten thousands digit of 1057345916?
4
What is the billions digit o